78.
13
Let j = -786 + 519. Let v = 90 - j. Suppose -2*o = -9*o + v. What is the highest common divisor of 17 and o?
17
Let t(i) = 639*i + 1042. Let z be t(2). What is the greatest common divisor of 16 and z?
16
Let r = 104 - 30. Suppose -2*s + 55 = j, -r = -4*s + 2*j + 40. Suppose -4032 = -3*t - 13*t. What is the highest common factor of s and t?
28
Let a(w) = 42*w - 2323. Let q be a(56). Calculate the greatest common factor of q and 89.
1
Let a = -11647 - -16402. Calculate the greatest common divisor of a and 60.
15
Let t be 522/6 + -5 + (-14 - -12). Calculate the highest common divisor of 12560 and t.
80
Let p(g) = -3*g + 13. Let y(h) = h + 2. Let b(x) = p(x) - 2*y(x). Let v be b(0). Let z be 6/(-15) + 724/10. What is the greatest common factor of v and z?
9
Let i be 872/(-1526) + (0 - (-642)/21). What is the greatest common factor of 366 and i?
6
Suppose a = 2*a - 133. Let d be 276/60 + 8/20 + 14. Calculate the greatest common divisor of a and d.
19
Suppose 2*z + 2*o = 272, z + 0*z = -4*o + 142. Suppose 4*p - 59*r + 57*r - z = 0, -1 = r. Calculate the highest common divisor of 528 and p.
33
Let y = 91 + -87. Let d(s) = 5*s**2 - 15*s + 8. Let f be d(y). What is the highest common factor of f and 154?
14
Let y be -8 - 308/(1 + -8). Let u(z) = 7*z + 55. Let q be u(-7). Calculate the greatest common divisor of y and q.
6
Let p = 0 - -5. Let s(v) be the first derivative of 2*v**3/3 - 4*v**2 - 9*v + 7. Let x be s(6). What is the greatest common divisor of x and p?
5
Let m(c) = -100*c + 6795. Let q be m(60). Calculate the greatest common factor of q and 6095.
265
Let g = -6821 - -6823. Calculate the greatest common factor of 8462 and g.
2
Let i = 48 - 12. Let b(y) = y**3 + 11*y**2 + 16*y - 9. Suppose -60 = u - 51. Let d be b(u). What is the highest common divisor of d and i?
9
Let y = -88 + 93. Suppose -10*t + y*t + 176 = -3*z, -10 = 5*z. Calculate the highest common divisor of 170 and t.
34
Let y be 11 - 1/2*-4. Suppose -15*r + 10*r + 3*p + y = 0, -r = -2*p - 4. Calculate the highest common factor of r and 18.
2
Let i be 4558876/3864 - (2/(-6) - (-4)/24). What is the highest common divisor of 260 and i?
20
Suppose -5*y = -20, j - 4*y - 27 = 51. Suppose m + 0 = 1, -j = -f + m. Calculate the greatest common factor of f and 57.
19
Suppose 3*f = -4*q + 10, 5*q - 12 = -17*f + 13*f. Let k be 164 - (8 + q)/(-3). Calculate the highest common factor of k and 42.
42
Suppose 0 = 1280*w - 1270*w - 600. Calculate the greatest common divisor of 1360 and w.
20
Let l = 184 + -91. Let r(s) = s**3 - 64*s**2 + 3*s - 37. Let u be r(64). Calculate the highest common divisor of u and l.
31
Suppose -4*q = -3*q + h - 2479, 0 = 3*h - 12. Calculate the highest common divisor of 11 and q.
11
Suppose 321*g = 279*g + 10752. What is the highest common factor of g and 100?
4
Let s(g) = -g**3 - 5*g**2 - 17. Let i be s(-7). Let m be 29853/i + (2 - 28/18). Calculate the highest common divisor of m and 18.
9
Suppose -4*d - 5*x = -1179, -d = -4*x - x - 301. Let j be (-5)/(25/(-30)) - (4 + -6). Calculate the highest common divisor of j and d.
8
Let p = 388 + -372. Suppose 27*a - 418 = p*a. What is the greatest common factor of a and 38?
38
Let f be 146*5*3/(-8)*(-42 + 6). Calculate the highest common divisor of 135 and f.
135
Let r = 5266 + -5146. Calculate the highest common factor of r and 456.
24
Suppose 0 = 8*k - 4*k + 3*q - 639, -3*k + 4*q = -448. Let z = k + -152. Calculate the highest common factor of z and 3.
1
Suppose -2*o = -3*z + 150, 2*z + o = 2*o + 100. Calculate the greatest common factor of 4050 and z.
50
Let m(y) = -19*y + 372. Let x be m(18). What is the greatest common factor of x and 5970?
30
Let y(t) = 3*t**3 + 10*t**2 - 4*t**3 - 4*t - 67 - 16*t - 22*t**2 + 0*t**3. Let s be y(-11). Calculate the highest common factor of s and 72.
8
Let t be ((-14)/6 + 1)*(-11)/(-33)*-45. Calculate the highest common divisor of t and 1780.
20
Let c = 829 + -843. Let p be (151 - 144)*(-104)/c. Let s be 1 + 14 + -1 - 1. Calculate the highest common factor of p and s.
13
Suppose 0 = 204*d - 8*d - 97020. Calculate the greatest common divisor of 3069 and d.
99
Let d be (-996)/(-83)*((-3)/(-2))/((-15)/(-55)). Calculate the highest common divisor of d and 1562.
22
Suppose -19*y + o + 737 = -16*y, -3*o - 1227 = -5*y. What is the greatest common factor of 2337 and y?
123
Let a be (-86)/(-8) - (-9)/(-12). Suppose a = 23*u - 634. What is the greatest common divisor of u and 112?
28
Suppose -2*v - 2*v + 1106 = -630. Calculate the highest common factor of 651 and v.
217
Suppose 1046941 = 109*j - 349183 - 128895. What is the greatest common factor of j and 34?
17
Let i(a) = -43*a + 334. Let f(t) = -129*t + 1003. Let q(g) = -2*f(g) + 7*i(g). Let u be q(-34). What is the greatest common divisor of 26 and u?
26
Let u = -36051 + 38886. What is the greatest common divisor of 441 and u?
63
Let m = -17054 + 17134. Calculate the highest common divisor of 20 and m.
20
Suppose -x = -5*o + 49, 0 = x + x + 8. Let i(j) = 4*j - 18. Let u be i(o). Let m = 8 - 2. What is the greatest common divisor of u and m?
6
Let d = -285 + 355. Suppose -3*w = -5*b - 52, -5*b = 4*w - 9*w + d. Calculate the highest common factor of w and 288.
9
Suppose 0 = -2*m, 0 = 5*x - 2*m - 16 + 6. Let h(z) = -6 + 6*z**x - 16*z + z**3 + 5 + 11. Let j be h(-8). Calculate the greatest common factor of j and 80.
10
Suppose -2296*g + 2326*g - 234600 = 0. What is the highest common divisor of g and 102?
34
Suppose -2513 - 14218 = -39*g. What is the highest common divisor of g and 77?
11
Let f = 34270 + -34243. Calculate the highest common divisor of 576 and f.
9
Suppose 0 = -269*w + 276*w + 28. Let r be (-6 - 60/(-9))*(-6)/w. What is the greatest common factor of r and 3?
1
Let c be 24/(-9 - -1) - (-7 - 311). Calculate the highest common divisor of c and 135.
45
Let m(s) = 80*s - 380. Let t(g) = -26*g + 127. Let r(y) = 4*m(y) + 11*t(y). Let v be r(6). What is the greatest common divisor of 9 and v?
9
Let n = 13667 + -5660. Calculate the highest common factor of 51 and n.
51
Let d be (48 - 36)*21*2. What is the highest common factor of 9 and d?
9
Let k = -99 - -104. Suppose k*w = -7*w + 7488. Calculate the greatest common factor of w and 96.
48
Let z = 51 + -34. Suppose -20 = 5*f, -5*l + 0*f + z = 2*f. Suppose l*g + 5*w - 635 = 0, -5*w - 1 = -6. What is the highest common factor of 14 and g?
14
Suppose 12*b - 7*b = 175. Let z = -22 + b. Let q(l) = 55*l - 6. Let g be q(2). What is the greatest common factor of z and g?
13
Suppose 3*b = 29 + 1. Let l be 2754/30 + 2/b. Suppose 0 = 2*h + 3*t - 40, h + 2*t - 29 = 5*t. Calculate the highest common factor of h and l.
23
Let r be (-5 + 0 + 286/39)*3. Suppose r*b = 38*b - 1519. Calculate the highest common divisor of 245 and b.
49
Let a = -23748 - -23818. Calculate the greatest common factor of 10 and a.
10
Suppose 0 = 3*y - 17 + 5. Suppose -y*q + 101 = 2*z - 9*q, -z + 4*q + 46 = 0. What is the highest common divisor of 522 and z?
58
Let g = -28422 - -65682. Calculate the highest common factor of g and 230.
230
Let q(f) = -2*f**2 + 3*f + 22. Let u be q(5). Let b = u - -40. Let l be ((-18)/4 + 0)*-4. Calculate the highest common divisor of b and l.
9
Suppose 2*g = 16*g - 840. Let v be (-8)/6*(-102)/(-2). Let k be (-4)/34 + 64/v*-32. What is the highest common divisor of g and k?
30
Let r be (-18)/(-24) + (-6)/8 - 6. Let s = -1 + r. Let n(o) = -5*o + 5. Let t be n(s). What is the greatest common factor of t and 8?
8
Let k = 10489 + -8754. What is the highest common divisor of k and 5?
5
Suppose 5*f + 680 - 1080 = -0*f. Suppose 19*v = 21*v - 192. What is the highest common factor of f and v?
16
Let z be (60*1)/(42/63). Suppose -4*c = 3*h - 404 - 250, 5*h = -2*c + 320. Calculate the greatest common divisor of z and c.
15
Let j(c) = 2*c**3 + 5*c**2 + 3*c + 1. Let u be j(-2). Let x be (0 - (-7)/2)/(u/(-4)). What is the highest common divisor of 4 and x?
2
Let h be 5 - 1815/(1 + -4). Let l be (-15 + 11 + 3)*-10*1. What is the highest common factor of l and h?
10
Let n(s) = -6*s - 11. Let r be n(-16). Let t = -68 + r. Let h = 20 - t. What is the greatest common divisor of 15 and h?
3
Let x be (-15)/5 + 3459/3. Suppose -4*i - 1150 = -5*s, 0*s + 5*s - i = x. Calculate the greatest common divisor of 50 and s